{"id":91,"date":"2016-04-23T13:27:39","date_gmt":"2016-04-23T11:27:39","guid":{"rendered":"http:\/\/www.schuetzenverein-mahd.de\/?page_id=91"},"modified":"2022-12-05T18:56:50","modified_gmt":"2022-12-05T16:56:50","slug":"sv-mahd-2","status":"publish","type":"page","link":"http:\/\/www.schuetzenverein-mahd.de\/?page_id=91","title":{"rendered":"SV Mahd 2 &#8211; A-Klasse Gau Passau"},"content":{"rendered":"\n<figure class=\"wp-block-image size-large\"><a href=\"http:\/\/www.schuetzenverein-mahd.de\/wp-content\/uploads\/2022\/12\/Gruppenfoto-SV-Mahd2.jpg\"><img loading=\"lazy\" width=\"1024\" height=\"836\" src=\"http:\/\/www.schuetzenverein-mahd.de\/wp-content\/uploads\/2022\/12\/Gruppenfoto-SV-Mahd2-1024x836.jpg\" alt=\"\" class=\"wp-image-508\" srcset=\"http:\/\/www.schuetzenverein-mahd.de\/wp-content\/uploads\/2022\/12\/Gruppenfoto-SV-Mahd2-1024x836.jpg 1024w, http:\/\/www.schuetzenverein-mahd.de\/wp-content\/uploads\/2022\/12\/Gruppenfoto-SV-Mahd2-300x245.jpg 300w, http:\/\/www.schuetzenverein-mahd.de\/wp-content\/uploads\/2022\/12\/Gruppenfoto-SV-Mahd2-768x627.jpg 768w, http:\/\/www.schuetzenverein-mahd.de\/wp-content\/uploads\/2022\/12\/Gruppenfoto-SV-Mahd2-1536x1254.jpg 1536w, http:\/\/www.schuetzenverein-mahd.de\/wp-content\/uploads\/2022\/12\/Gruppenfoto-SV-Mahd2-200x163.jpg 200w, http:\/\/www.schuetzenverein-mahd.de\/wp-content\/uploads\/2022\/12\/Gruppenfoto-SV-Mahd2.jpg 2048w\" sizes=\"(max-width: 1024px) 100vw, 1024px\" \/><\/a><figcaption>von links: Voggenreiter Lisa, Wagner J\u00fcrgen, Baumgartner Thomas, K\u00f6nig Andr\u00e9<\/figcaption><\/figure>\n\n\n\n<p><\/p>\n","protected":false},"excerpt":{"rendered":"","protected":false},"author":1,"featured_media":0,"parent":51,"menu_order":0,"comment_status":"closed","ping_status":"closed","template":"","meta":[],"_links":{"self":[{"href":"http:\/\/www.schuetzenverein-mahd.de\/index.php?rest_route=\/wp\/v2\/pages\/91"}],"collection":[{"href":"http:\/\/www.schuetzenverein-mahd.de\/index.php?rest_route=\/wp\/v2\/pages"}],"about":[{"href":"http:\/\/www.schuetzenverein-mahd.de\/index.php?rest_route=\/wp\/v2\/types\/page"}],"author":[{"embeddable":true,"href":"http:\/\/www.schuetzenverein-mahd.de\/index.php?rest_route=\/wp\/v2\/users\/1"}],"replies":[{"embeddable":true,"href":"http:\/\/www.schuetzenverein-mahd.de\/index.php?rest_route=%2Fwp%2Fv2%2Fcomments&post=91"}],"version-history":[{"count":3,"href":"http:\/\/www.schuetzenverein-mahd.de\/index.php?rest_route=\/wp\/v2\/pages\/91\/revisions"}],"predecessor-version":[{"id":510,"href":"http:\/\/www.schuetzenverein-mahd.de\/index.php?rest_route=\/wp\/v2\/pages\/91\/revisions\/510"}],"up":[{"embeddable":true,"href":"http:\/\/www.schuetzenverein-mahd.de\/index.php?rest_route=\/wp\/v2\/pages\/51"}],"wp:attachment":[{"href":"http:\/\/www.schuetzenverein-mahd.de\/index.php?rest_route=%2Fwp%2Fv2%2Fmedia&parent=91"}],"curies":[{"name":"wp","href":"https:\/\/api.w.org\/{rel}","templated":true}]}}

<figure class="wp-block-image size-large"><a href="http://www.schuetzenverein-mahd.de/wp-content/uploads/2022/12/Gruppenfoto-SV-Mahd2.jpg"><img loading="lazy" width="1024" height="836" src="http://www.schuetzenverein-mahd.de/wp-content/uploads/2022/12/Gruppenfoto-SV-Mahd2-1024x836.jpg" alt="" class="wp-image-508" srcset="http://www.schuetzenverein-mahd.de/wp-content/uploads/2022/12/Gruppenfoto-SV-Mahd2-1024x836.jpg 1024w, http://www.schuetzenverein-mahd.de/wp-content/uploads/2022/12/Gruppenfoto-SV-Mahd2-300x245.jpg 300w, http://www.schuetzenverein-mahd.de/wp-content/uploads/2022/12/Gruppenfoto-SV-Mahd2-768x627.jpg 768w, http://www.schuetzenverein-mahd.de/wp-content/uploads/2022/12/Gruppenfoto-SV-Mahd2-1536x1254.jpg 1536w, http://www.schuetzenverein-mahd.de/wp-content/uploads/2022/12/Gruppenfoto-SV-Mahd2-200x163.jpg 200w, http://www.schuetzenverein-mahd.de/wp-content/uploads/2022/12/Gruppenfoto-SV-Mahd2.jpg 2048w" sizes="(max-width: 1024px) 100vw, 1024px" /></a><figcaption>von links: Voggenreiter Lisa, Wagner Jürgen, Baumgartner Thomas, König André</figcaption></figure>



<p></p>
